se 31*d + 1140038 - 154145 = 0. Let t = d - -68116. Is t a composite number?
False
Let s(n) = n**3 + 10*n**2 - n + 14. Let z be s(-10). Is 24/z*6159/3 a prime number?
True
Let a = -6341 + 9901. Let u be (a/3)/2*(-15)/(-5). Suppose 5*f - 3*q - 12218 = 0, 2*f - 4*q - u = 3110. Is f a prime number?
False
Let o(f) = -2*f**2 + 74*f + 59. Let t be o(44). Let i = 842 - t. Is i prime?
True
Is ((-4)/(-8) - -1)/(37017029/4627126 + -8) prime?
True
Let b = -10 + 4. Let h be b*((-10)/(-6) + -2). Suppose 2*f - 10265 = -3*o + f, h = f. Is o prime?
False
Let v(j) = 110*j**2 + 50*j - 433. Is v(-40) a prime number?
False
Let p(u) = -u**2 - 17*u + 3. Let o be p(-16). Suppose 21*n = o*n + 8656. Suppose n = -m + 9*m. Is m a composite number?
False
Let b be -1 + (-20)/(-28) + 73028/14. Suppose 18*j - b = 8338. Is j prime?
False
Suppose 3*n - 626 = -u, -n + 4*u + 601 = 2*n. Let o be (-1326)/(-34)*50/3. Let l = o - n. Is l a prime number?
True
Let m = 140 + -139. Is m + 0 - (3 - -6 - 7629) a composite number?
False
Let m(w) = -3274*w + 108. Let j be m(-5). Let i = j - -4835. Is i a prime number?
True
Suppose 4*o - 200472 = -61*c + 65*c, 3*c = 3. Is o prime?
True
Suppose 4*t = 4*a + 116, 0*t + 83 = 3*t + a. Suppose -t*d = -24*d - 192. Is ((-467)/2)/((-24)/d) prime?
True
Let y be ((-3048)/(-5))/(36/990). Suppose 10*v - 22*v = -y. Is v composite?
True
Is (-10363602)/(-98) + 300/(-7350) a composite number?
False
Let g(u) = -u**2 - 5*u + 10. Let o be g(-6). Suppose 19*h = 18*h + v + 446, o*v + 898 = 2*h. Is h prime?
True
Let b = -19138 + 27671. Suppose 154*n - 163*n - 46062 = 0. Let o = n + b. Is o a prime number?
False
Let q be 5/(-20) - (1 - 8739/12). Suppose 0 = -3*h - k + 731, k = 3*h - 0*k - q. Suppose -4*v + 101 + h = 0. Is v a composite number?
True
Suppose -28*g = -39*g + 14146. Let a = 3855 - g. Is a composite?
True
Let y(s) be the third derivative of -23*s**4/4 + 41*s**3/6 + 5*s**2 - 6*s. Is y(-24) a prime number?
False
Suppose -27*r + 632770 = -17*r. Suppose -r = -6*v + 24245. Is v a prime number?
False
Suppose -k + 3*m = -6, 9 = 4*k + 2*m - 15. Let p(u) = -10*u**2 + 10*u + 5. Let o(i) = 11*i**2 - 11*i - 6. Let l(j) = -2*o(j) - 3*p(j). Is l(k) a prime number?
False
Is ((-4)/3)/((-4)/29949) a composite number?
True
Suppose -114*c - 4928196 + 31061828 = 14*c. Is c a prime number?
False
Suppose -3*t = -4*v - 17, v = -4*t + 1 + 9. Suppose 9*x - 5970 = t*x. Is x prime?
False
Is 152/190 - (-7219233)/15 prime?
False
Is 797148 - (-38 - -20) - -13 prime?
False
Let u be ((-20)/16)/((-4)/16). Suppose -25 = -5*h, 0*y + 2*h = u*y - 2695. Is y prime?
True
Suppose 4*n + 3*g = 638096, -4*g = 989*n - 993*n + 638068. Is n composite?
False
Suppose -53 = -3*t - 38, -t + 5 = -i. Suppose i*v = -v + 3091. Is v composite?
True
Suppose -44*p = -26*p + 19495728. Is -1*2/8 - p/224 a prime number?
False
Let h = 417646 + -294867. Is h a prime number?
False
Suppose 9*u + 46 = 32*u. Suppose -3731 = -3*t + 4*f, 0 = u*t - t + f - 1253. Is t composite?
False
Let x be (-1 + -5)*26*2/(-24). Suppose -81470 = -x*v + 3*v. Is v prime?
True
Is 1/(((-39)/6 + 8)/617451) composite?
True
Let l be (((-416)/39)/16)/((-2)/(-3)). Is l - ((-3951)/4)/((-36)/(-96)) a prime number?
True
Let y(x) = -21 - 3*x - 27 - 12. Let l be y(-23). Let d(i) = i**3 - 6*i - 6. Is d(l) composite?
True
Let k = -184571 + 316572. Is k a prime number?
True
Let r(z) = 75*z**2 + 5 - 34*z**2 + 3 - 40*z**2 + 10*z. Let c be r(-15). Suppose c = -10*g + 933. Is g a composite number?
True
Let f = 59059 + 63900. Is f prime?
False
Let c(k) = -2*k**2 - 12*k + 102. Let l be c(-11). Is 13979/(-14)*l + 5 composite?
False
Suppose 6*q - o - 3490862 = q, 2*o - 4887183 = -7*q. Is q composite?
False
Let y(h) = 51 + 3*h - 2*h**3 - 58*h**2 - 5*h + 11*h**2 - 11*h. Let l(w) = w**3 + 23*w**2 + 6*w - 25. Let u(j) = 5*l(j) + 2*y(j). Is u(-18) composite?
False
Suppose -2*y - 3*a = 2*y + 12, 0 = 4*a + 16. Suppose y = -0*h - 4*h + 4*d - 4, 6 = -2*d. Is h/22 - 85865/(-55) a composite number?
True
Is (-336088 + 21)*(-2 - (-5 - -4)) a prime number?
False
Suppose -3*g = -4*l + 8321, -2*g = 9*l - 12*l + 6241. Suppose 2*o = -63 + l. Is o composite?
False
Let a(i) = -i**2 + 10*i + 24. Let m be a(9). Is 8811/m*2/((-6)/(-31)) composite?
True
Suppose 3*o - 12*o = -40284. Suppose 67*q = 63*q + o. Is q a composite number?
True
Suppose 361*z = 318*z + 4662877. Is z composite?
False
Suppose -4*h + 33596 = 4*d, 3*h - 5*h + d = -16798. Suppose -2*l + 8671 = 4*o - 8139, 2*o - h = l. Is o prime?
True
Let q(n) = -139350*n - 7. Is q(-3) a prime number?
True
Let a(w) = 15230*w + 423. Is a(11) prime?
True
Suppose 8*a + 760 = 4*a. Let x = 1135 - 836. Let f = a + x. Is f a composite number?
False
Suppose 188*i = 185*i + 15. Suppose -2*v = -i*g - 5487, 4*v - 8*g = -11*g + 10961. Is v prime?
True
Let d(c) be the second derivative of 107*c**5/20 + 3*c**4/4 + c**3/6 - 4*c**2 - 70*c. Is d(5) a prime number?
True
Suppose -21*y - 429592 = -1036954. Is y a composite number?
True
Suppose -70*t + 678060677 = 91*t. Is t a prime number?
False
Let q(p) = 18*p - 85. Let t be q(5). Suppose 3*g + n + 1215 = 7*g, 2*g - t*n - 585 = 0. Is g composite?
True
Let c = -108992 - -599049. Is c a composite number?
False
Let t be (3 + 6450)/3 + 7. Suppose -4*j - t = -12314. Is j a prime number?
True
Let x be (3 - 20/15)*(-48)/2. Let g = 43 + x. Suppose 2*s + 3*h + 34 = 332, -g*s = -h - 425. Is s composite?
True
Let w = -50 + 35. Let l = w - -21. Is l/(48/5764) - (-3)/(-2) prime?
True
Let n = -31 - -25. Let x be (40/15)/(n/261). Let u = x + 190. Is u a prime number?
False
Suppose 2*p = 4*c - 151493 + 546559, -3*p + 592609 = -c. Is p composite?
True
Let h = -59 - -57. Let v be (-2350)/(-2) - (h + 5)/(-1). Let y = v - 677. Is y composite?
True
Let t(b) = 8*b + 4. Let p be t(-2). Is (-1276)/p*(-24)/(-8) a composite number?
True
Let s = 347 + -329. Suppose -s*w + 12733 = -19253. Is w a prime number?
True
Let n be ((-17733)/46)/((-2)/4). Let q = -586 + n. Is q composite?
True
Suppose -57*o - 6 = -54*o. Is 97993/42 - o/(-12) a prime number?
True
Let x(h) = h**2 - 18*h - 139. Let p be x(24). Let l(t) = 38*t**2 - 3*t + 2. Is l(p) a composite number?
False
Let z(b) be the first derivative of b**4/4 + 29*b**3/3 + 35*b**2/2 - 31*b + 140. Is z(-26) composite?
False
Let q(v) = -2531*v - 5. Let c(b) be the third derivative of 211*b**4/3 + b**3/2 - 31*b**2. Let w(j) = -7*c(j) - 5*q(j). Is w(1) prime?
False
Is 183/(-61)*((-84262)/(-8))/(9/(-12)) composite?
False
Let c(n) = -110286*n**3 + 58*n + 59. Is c(-1) a composite number?
True
Suppose -3*y = 3*m - 0*y - 18, 4*m - 20 = -5*y. Suppose -15*l = -m*l - 17525. Is l composite?
True
Suppose -2140443 = -z - 5*x, -2*z = -2*x - 2225579 - 2055403. Is z a composite number?
True
Suppose 3*c + 0*c = -5*w + 181, 138 = 4*w - c. Let z be 301/w - 4/(-10). Let i = 152 - z. Is i composite?
True
Is (-74824926)/(-627)*(-6)/(-4) composite?
True
Let k = 90 - 139. Let t = k + 36. Let s = 194 + t. Is s a prime number?
True
Let f(j) = 3984*j**3 + 40*j**2 - 49*j - 6. Is f(5) composite?
False
Suppose -10 = -8*d + 3*d. Suppose -7*u = -d*u + 2705. Let x = u + 1230. Is x prime?
False
Let p(u) = 14*u**2 + 43*u + 1036. Is p(-75) composite?
False
Let t(z) = 3*z**2 - 4*z - 2. Let g be ((-4)/14)/(6/(-168)). Suppose o - g*o = -35. Is t(o) a prime number?
True
Suppose -3*c = c, 0 = 5*r + c + 240. Let v be -6*3/r*-4*-2. Suppose 0 = -2*f - v*p + 1250, -2544 = -3*f - f + 5*p. Is f composite?
False
Let t(u) = -2*u**3 - 46*u**2 + 2*u + 42. Let o be t(-23). Is (3 - o) + -1 + 1901 composite?
False
Suppose 2*d - 18 = -5*c + 5*d, -22 = -c - 4*d. Suppose 0 = -c*n - 8188 - 7370. Let g = -1266 - n. Is g prime?
True
Let k(a) be the first derivative of -22*a**4 + 2*a**3 + 7*a**2/2 - 14*a - 22. Let w be k(-8). Is 2/(-5) - w/(-50) prime?
True
Suppose 2721012 = 42*v - 1465296. Is v/19 + (-2 - 2) a prime number?
False
Let g(y) = 1400*y**2 + 6*y + 21. Suppose 3*a - 6 = -2*n, -a + 2 = 2*n + 4. Is g(n) a composite number?
True
Let f = 106160 + -72667. Is f a prime number?
True
Is -2*((-746535)/10 - 1) a composite number?
False
Let n = 117 - 127. Let q(i) = -i - 6. Let u be q(0). Is n/u + 12824/42 composite?
False
Suppose -35 = 5*x - 85. Let o = 479 - -23. Is (o/(-6))/(x/(-30)) a composite number?
False
Let n = 209 - 209. Suppose 